145 - -10332?
11521
In base 13, what is -1b + -1c91c?
-1c93a
In base 14, what is 1598 + -267?
1331
In base 2, what is -1100011000010 - 11101?
-1100011011111
In base 10, what is -2 - -135275?
135273
In base 9, what is 3 + 138143?
138146
In base 2, what is 11010010000101111 + -11?
11010010000101100
In base 2, what is -11010111011001111 - -1111?
-11010111011000000
In base 13, what is 4b7 + -5?
4b2
In base 6, what is 44055303 - 2?
44055301
In base 13, what is 113c + 29?
1168
In base 3, what is 12 + 10220120?
10220202
In base 13, what is 0 + 16194?
16194
In base 16, what is -6 + -24?
-2a
In base 6, what is -4 - -3022541?
3022533
In base 8, what is -55 + 44000?
43723
In base 9, what is 12583 + -4?
12578
In base 12, what is 34 - 4922?
-48aa
In base 7, what is -645 + 654?
6
In base 12, what is -101 + 5388?
5287
In base 16, what is 50 + -12a3?
-1253
In base 11, what is -143 + 5?
-139
In base 16, what is -22 + -b72d?
-b74f
In base 6, what is -40223 - -240?
-35543
In base 13, what is 43 + 17b21?
17b64
In base 5, what is 130 - -3120?
3300
In base 11, what is -1 - a49a?
-a4a0
In base 5, what is 1 + 114133?
114134
In base 7, what is -1602023 + 5?
-1602015
In base 16, what is 3630d - -3?
36310
In base 9, what is -1154236 + -4?
-1154241
In base 2, what is -11111101010101 - 1101?
-11111101100010
In base 13, what is -12bc7 - 4?
-12bcb
In base 15, what is 9d4 - e?
9c5
In base 12, what is -3231b - -1?
-3231a
In base 9, what is -160443 - 2?
-160445
In base 11, what is 27 + 453?
47a
In base 9, what is -8401 - 66?
-8467
In base 5, what is 314 - -223300?
224114
In base 2, what is -10001111100001 + -11011110?
-10010010111111
In base 9, what is 44678 - -2?
44681
In base 5, what is 10 + -101040414?
-101040404
In base 5, what is 102143002 - 2?
102143000
In base 8, what is 2235334 + -5?
2235327
In base 8, what is -2 - -5261?
5257
In base 3, what is 10 - -1202122?
1202202
In base 7, what is -30323 - 4?
-30330
In base 4, what is 10 - -2021102020?
2021102030
In base 15, what is -4 - c9109?
-c910d
In base 8, what is -2 + 1226767?
1226765
In base 3, what is -22021 - -101102012?
101002221
In base 14, what is 17c + 16?
194
In base 13, what is b970 + -3?
b96a
In base 11, what is 2 - -16125?
16127
In base 13, what is 21079c - -6?
2107a5
In base 15, what is -5 + -948a0?
-948a5
In base 14, what is 55bb2 + 3?
55bb5
In base 2, what is -1 + 11001101110110?
11001101110101
In base 7, what is -60 + 345106?
345016
In base 6, what is 4 + 430201?
430205
In base 6, what is 2 - 131343?
-131341
In base 7, what is -3 - -15035?
15032
In base 7, what is -225 + 134?
-61
In base 9, what is -5 - -123347?
123342
In base 7, what is 401 - -513?
1214
In base 3, what is 221000 - -22010?
1020010
In base 9, what is 401520 + 14?
401534
In base 12, what is 1b88a + -1?
1b889
In base 13, what is 2 - 261087?
-261085
In base 6, what is -1253 + -5?
-1302
In base 10, what is 3 - -2778?
2781
In base 6, what is 1502 - 113?
1345
In base 6, what is -50444 + 124?
-50320
In base 13, what is 349a + 2?
349c
In base 16, what is -c88a - 4?
-c88e
In base 15, what is 4 + -17d20d?
-17d209
In base 9, what is 1 - -22405?
22406
In base 12, what is -65 + 3385?
3320
In base 8, what is -4 - 5723163?
-5723167
In base 10, what is 7 + 16842?
16849
In base 2, what is 10010110100011 - 11100?
10010110000111
In base 4, what is -10 + -32223122?
-32223132
In base 7, what is 4241 + 13?
4254
In base 4, what is -110303321 + -11?
-110303332
In base 7, what is -143230 + -2?
-143232
In base 13, what is -18 + -2686?
-26a1
In base 16, what is -1550e5 - -5?
-1550e0
In base 6, what is -2000425 + -4?
-2000433
In base 9, what is 23 + -405?
-372
In base 15, what is 1 + -6d5?
-6d4
In base 7, what is 20042 - -130?
20202
In base 6, what is -20310411 - -3?
-20310404
In base 11, what is -766 - -83?
-693
In base 15, what is -1b3 - -d?
-1a5
In base 8, what is 53212 + 4?
53216
In base 13, what is -52863 - -2?
-52861
In base 14, what is -30 + 16?
-18
In base 5, what is 110 + 112243?
112403
In base 7, what is 1153111 - -3?
1153114
In base 7, what is 31 - -16162?
16223
In base 10, what is 1 + -9524?
-9523
In base 9, what is 40 - -3377?
3427
In base 7, what is 3003321 - 0?
3003321
In base 7, what is 655405 + 36?
655444
In base 13, what is -4 + 81b?
817
In base 2, what is -10001010 + -10000001?
-100001011
In base 5, what is 22 - -21224?
21301
In base 13, what is -1b1a - 35?
-1b52
In base 13, what is -43 + -210?
-253
In base 13, what is 4 + -6ac5b?
-6ac57
In base 2, what is -100001010 + -10001000?
-110010010
In base 3, what is -1002021111 + 21222?
-1001222112
In base 15, what is 804 - -19?
81d
In base 2, what is 11 + -10110011010000110?
-10110011010000011
In base 2, what is -1 - 10010101001010?
-10010101001011
In base 15, what is 0 + -611e7?
-611e7
In base 2, what is -101110001100011 - 10001?
-101110001110100
In base 7, what is 25200420 - -3?
25200423
In base 2, what is -111100111 + 10100000111?
1100100000
In base 12, what is -b040 - 270?
-b2b0
In base 8, what is 5 + 632642?
632647
In base 16, what is -edb8e - -2?
-edb8c
In base 8, what is 15 + -137627?
-137612
In base 13, what is -5 - 167c9c?
-167ca4
In base 3, what is -11102 + -22120?
-110222
In base 16, what is 16fe - -e?
170c
In base 3, what is 202201002221 + -11?
202201002210
In base 9, what is -1 + 50652?
50651
In base 2, what is -1 - -111010001111101?
111010001111100
In base 8, what is 240 - 1111?
-651
In base 11, what is 1447 - 13?
1434
In base 16, what is -1f6 - -15?
-1e1
In base 11, what is 58403 - -3?
58406
In base 4, what is -31 + -130313?
-131010
In base 4, what is -20033313022 - 10?
-20033313032
In base 7, what is -142 - 200?
-342
In base 12, what is 31 + 52918?
52949
In base 2, what is -11 - -110010111010110?
110010111010011
In base 14, what is 4 + -3881?
-387b
In base 13, what is -3 - 362c?
-3632
In base 7, what is 4 + -154?
-150
In base 2, what is -101001111 - -110111?
-100011000
In base 6, what is -20543 + 11020?
-5523
In base 4, what is -120 - 2303130?
-2303310
In base 11, what is -118 + -5695?
-5802
In base 5, what is -2440 - -13240?
10300
In base 10, what is -1 + -1192?
-1193
In base 16, what is -71e3b + 0?
-71e3b
In base 11, what is -3 - 9215?
-9218
In base 15, what is 5 - -2a02?
2a07
In base 5, what is 4200203 + 33?
4200241
In base 5, what is -3 + 303403230?
303403222
In base 13, what is -1324 + -1a?
-1341
In base 12, what is -10 + 6b3?
6a3
In base 11, what is 1553aa + 2?
155401
In base 10, what is -55 - -244?
189
In base 11, what is -272 - 15?
-287
In base 12, what is 457 - 1a?
439
In base 11, what is -668 + 242?
-426
In base 4, what is 3222332221 - 2?
3222332213
In base 9, what is 457840 + -5?
457834
In base 8, what is 2734 - 76?
2636
In base 4, what is -1100 + -13002?
-20102
In base 12, what is -a + 2548?
253a
In base 7, what is -5 - -1101016?
1101011
In base 4, what is -203 - 3033331?
-3100200
In base 2, what is 0 - -10011000101000011?
10011000101000011
In base 10, what is 7 + -16958?
-16951
In base 7, what is -26321301 - 3?
-26321304
In base 8, what is -20245 - -3?
-20242
In base 16, what is -df58 + -8?
-df60
In base 12, what is 4 + -12b2a?
-12b26
In base 16, what is 9 - -939?
942
In base 11, what is 3a08 - 5?
3a03
In base 4, what is -2 - 303312230?
-303312232
In base 11, what is -36 + -128a3?
-12929
In base 10, what is 372 + 132?
504
In base 7, what is -161524 - 2?
-161526
In base 7, what is 61 + 34166?
34260
In base 11, what is -a314 - 3?
-a317
In base 16, what is 0 + -e8702?
-e8702
In base 14, what is -118 - 1801?
-1919
In base 6, what is -4530441 + -2?
-4530443
In base 4, what is 2 - 133132031?
-133132023
In base 6, what is 1 - 200113?
-200112
In base 11, what is 4221 - 4?
4218
In base 16, what is 0 - 1ee6e?
-1ee6e
In base 6, what is -1542 - -11?
-1531
In base 2, what is -100111100000 - 1011100?
-101000111100
In base 15, what is 0 - -1b973?
1b973
In base 2, what is -101 - 101101100111011?
-101101101000000
In base 3, what is -10 + -1001001110?
-1001001120
In base 12, what is 26 - -2210?
2236
In base 11, what is 5494 - -29?
5512
In base 10, what is -2428 + 36?
-2392
In base 6, what is -10 - 150043?
-150053
In base 7, what is -25 - -602?
544
In base 10, what is -1 - 1652?
-1653
In base 15, what is a + 1b2d?
1b38
In base 15, what is -e + -d4a?
-d59
In base 12, what is -120593 + -3?
-120